{"id":5,"date":"2021-10-11T12:31:55","date_gmt":"2021-10-11T10:31:55","guid":{"rendered":"https:\/\/www.akademosprzedszkole.pl\/?page_id=5"},"modified":"2026-02-19T08:48:29","modified_gmt":"2026-02-19T07:48:29","slug":"przedszkole","status":"publish","type":"page","link":"https:\/\/www.akademosprzedszkole.pl\/przedszkole\/","title":{"rendered":"Publiczne przedszkole Akademos"},"content":{"rendered":"\n<h1>\n\t\tPoznajmy si\u0119\n\t<\/h1>\n<h2>\n\t\tPubliczne przedszkole  w&nbsp;z\u0142otnikach (gmina suchy las)\n\t<\/h2>\n\t<p>Od wrze\u015bnia 2018 roku dzia\u0142amy z my\u015bl\u0105 o Twoich dzieciach na terenie kameralnego osiedla <strong>Z\u0142otniki Park.<\/strong><\/p>\n<p>W ka\u017cdej z <strong>11 przestronnych, klimatyzowanych sal<\/strong> znajduje si\u0119 miejsce dla <strong>25 dzieci<\/strong>. Zapewniamy opiek\u0119 275 maluchom w wieku <strong>2,5-6 lat<\/strong>, co pozwala nam zachowa\u0107 kameralny charakter plac\u00f3wki i dba\u0107 o indywidualne potrzeby naszych podopiecznych.<\/p>\n<p>Kreatywni nauczyciele, nowoczesny sprz\u0119t multimedialny, du\u017cy plac zabaw i przestronny, atrakcyjny teren rekreacyjny wspieraj\u0105 nas w organizowaniu interesuj\u0105cych i bezpiecznych zaj\u0119\u0107 dla Twojego malucha.<\/p>\n\t\t\t\t<img fetchpriority=\"high\" decoding=\"async\" src=\"https:\/\/www.akademosprzedszkole.pl\/wp-content\/uploads\/2021\/10\/akademos-pic-01.jpg\" alt=\"akademos-pic-01\" itemprop=\"image\" height=\"1194\" width=\"886\" title=\"akademos-pic-01\" onerror=\"this.style.display='none'\"  \/>\n\t\t\t\t<img decoding=\"async\" src=\"https:\/\/www.akademosprzedszkole.pl\/wp-content\/uploads\/2021\/10\/akademos-pic-02.png\" alt=\"akademos-pic-02\" itemprop=\"image\" height=\"594\" width=\"464\" title=\"akademos-pic-02\" onerror=\"this.style.display='none'\"  \/>\n<h1>\n\t\tNasze atuty\n\t<\/h1>\n\t\t\t\t<img decoding=\"async\" src=\"https:\/\/www.akademosprzedszkole.pl\/wp-content\/uploads\/2021\/11\/angielski.svg\" alt=\"angielski\" title=\"angielski\" itemprop=\"image\"\/>\n\t\t\t\t<p><strong>bezp\u0142atne lekcje j\u0119zyka angielskiego<\/strong> &#8211; codzienne w\u00a0ka\u017cdej grupie<\/p>\n\t\t\t\t<img decoding=\"async\" src=\"https:\/\/www.akademosprzedszkole.pl\/wp-content\/uploads\/2021\/11\/plan-daltonski.svg\" alt=\"plan-daltonski\" title=\"plan-daltonski\" itemprop=\"image\"\/>\n\t\t\t\t<p>kreatywna, wykwalifikowana i zaanga\u017cowana <strong>kadra<\/strong><\/p>\n\t\t\t\t<img decoding=\"async\" src=\"https:\/\/www.akademosprzedszkole.pl\/wp-content\/uploads\/2021\/11\/plac-zabaw.svg\" alt=\"plac-zabaw\" title=\"plac-zabaw\" itemprop=\"image\"\/>\n\t\t\t\t<p><strong>du\u017cy plac zabaw<\/strong> oraz przestronny teren rekreacyjny<\/p>\n\t\t\t\t<img decoding=\"async\" src=\"https:\/\/www.akademosprzedszkole.pl\/wp-content\/uploads\/2021\/11\/kuchnia.svg\" alt=\"kuchnia\" title=\"kuchnia\" itemprop=\"image\"\/>\n\t\t\t\t<p><strong>w\u0142asna kuchnia<\/strong><\/p>\n\t\t\t\t<img decoding=\"async\" src=\"https:\/\/www.akademosprzedszkole.pl\/wp-content\/uploads\/2021\/11\/godziny.svg\" alt=\"godziny\" title=\"godziny\" itemprop=\"image\"\/>\n\t\t\t\t<p>godziny otwarcia: <br \/><strong>6:30-17:30<\/strong><\/p>\n\t\t\t\t<img decoding=\"async\" src=\"https:\/\/www.akademosprzedszkole.pl\/wp-content\/uploads\/2021\/11\/opieka.svg\" alt=\"opieka\" title=\"opieka\" itemprop=\"image\"\/>\n\t\t\t\t<p>opieka <strong>logopedy, psychologa<\/strong> oraz <strong>terapeuty<\/strong><\/p>\n<h1>\n\t\tp\u0142atno\u015bci\n\t<\/h1>\n\t<p>Zgodnie z zasadami funkcjonowania przedszkola publicznego, ka\u017cdemu podopiecznemu przys\u0142uguje codziennie <strong>5 godzin<\/strong> bezp\u0142atnej opieki. Ka\u017cda kolejna rozpocz\u0119ta godzina pobytu w przedszkolu to koszt jedynie <strong>1,44 z\u0142<\/strong>.<\/p>\n<p><strong>Opieka nad dzie\u0107mi 6-letnimi jest ca\u0142kowicie bezp\u0142atna.<\/strong><\/p>\n<p>Plac\u00f3wka jest <strong>nowoczesna, nauczyciele kreatywni, budynek przyjazny, a wn\u0119trze spe\u0142nia najwy\u017csze standardy.<\/strong> Dzia\u0142alno\u015b\u0107 rozpocz\u0119li\u015bmy we wrze\u015bniu 2018 r.<\/p>\n<p>&nbsp;<\/p>\n\t\t\t\t<img decoding=\"async\" src=\"https:\/\/www.akademosprzedszkole.pl\/wp-content\/uploads\/2021\/10\/akademos-pic-03.png\" alt=\"akademos-pic-03\" itemprop=\"image\" height=\"546\" width=\"360\" title=\"akademos-pic-03\" onerror=\"this.style.display='none'\"  \/>\n\t<a href=\"https:\/\/www.akademosprzedszkole.pl\/wp-content\/uploads\/2024\/02\/Standardy-ochrony-maloletnich-przed-krzywdzeniem.pdf\" target=\"_blank\" rel=\"noopener\" aria-label=\"Go to https:\/\/www.akademosprzedszkole.pl\/wp-content\/uploads\/2024\/02\/Standardy-ochrony-maloletnich-przed-krzywdzeniem.pdf\"><\/a>\n\t\t\t\tStandardy ochrony ma\u0142oletnich przed krzywdzeniem\n\t<a href=\"https:\/\/www.akademosprzedszkole.pl\/wp-content\/uploads\/2024\/03\/Standardy-ochrony-maloletnich-wersja-skrocona-scalone.pdf\" target=\"_blank\" rel=\"noopener\" aria-label=\"Go to https:\/\/www.akademosprzedszkole.pl\/wp-content\/uploads\/2024\/03\/Standardy-ochrony-maloletnich-wersja-skrocona-scalone.pdf\"><\/a>\n\t\t\t\tStandardy ochrony ma\u0142oletnich &#8211; wersja skr\u00f3cona\n\t\t\t\t<img loading=\"lazy\" decoding=\"async\" src=\"https:\/\/www.akademosprzedszkole.pl\/wp-content\/uploads\/2021\/10\/akademos-pic-04.png\" alt=\"akademos-pic-04\" itemprop=\"image\" height=\"468\" width=\"312\" title=\"akademos-pic-04\" onerror=\"this.style.display='none'\"  \/>\n\t\t\t<a href=\"\" target=\"_self\" role=\"button\">\n\t\t\t\t\t\t\tZapisz dziecko jeszcze dzi\u015b!\n\t\t\t\t\t<\/a>\n\t\t\t\t<img loading=\"lazy\" decoding=\"async\" src=\"https:\/\/www.akademosprzedszkole.pl\/wp-content\/uploads\/2021\/10\/akademos-foto-big-3.jpg\" alt=\"akademos-foto-big-3\" itemprop=\"image\" height=\"726\" width=\"2000\" title=\"akademos-foto-big-3\" onerror=\"this.style.display='none'\"  \/>\n<h1>\n\t\tWIRTUALNY SPACER\n\t<\/h1>\n\t<iframe width=\"100%\" height=\"500\" src=\"https:\/\/mpembed.com\/show\/?m=kcqvv1jUWaZ&#038;details=3&#038;mdir=1&#038;hdir=2\" frameborder=\"0\" allowfullscreen><\/iframe>\n\t\t\t\t<img loading=\"lazy\" decoding=\"async\" src=\"https:\/\/www.akademosprzedszkole.pl\/wp-content\/uploads\/2021\/10\/akademos-pic-05.png\" alt=\"akademos-pic-05\" itemprop=\"image\" height=\"678\" width=\"480\" title=\"akademos-pic-05\" onerror=\"this.style.display='none'\"  \/>\n\n","protected":false},"excerpt":{"rendered":"<p>Poznajmy si\u0119 Publiczne przedszkole w&nbsp;z\u0142otnikach (gmina suchy las) Od wrze\u015bnia 2018 roku dzia\u0142amy z my\u015bl\u0105 o Twoich dzieciach na terenie kameralnego osiedla Z\u0142otniki Park. W ka\u017cdej z 11 przestronnych, klimatyzowanych sal znajduje si\u0119 miejsce dla 25 dzieci. Zapewniamy opiek\u0119 275 maluchom w wieku 2,5-6 lat, co pozwala nam zachowa\u0107 kameralny charakter plac\u00f3wki i dba\u0107 o &#8230; <a title=\"Publiczne przedszkole Akademos\" class=\"read-more\" href=\"https:\/\/www.akademosprzedszkole.pl\/przedszkole\/\" aria-label=\"More on Publiczne przedszkole Akademos\">Czytaj dalej<\/a><\/p>\n","protected":false},"author":1,"featured_media":0,"parent":0,"menu_order":0,"comment_status":"closed","ping_status":"closed","template":"","meta":{"inline_featured_image":false,"footnotes":""},"class_list":["post-5","page","type-page","status-publish"],"_links":{"self":[{"href":"https:\/\/www.akademosprzedszkole.pl\/przedszkole\/wp-json\/wp\/v2\/pages\/5","targetHints":{"allow":["GET"]}}],"collection":[{"href":"https:\/\/www.akademosprzedszkole.pl\/przedszkole\/wp-json\/wp\/v2\/pages"}],"about":[{"href":"https:\/\/www.akademosprzedszkole.pl\/przedszkole\/wp-json\/wp\/v2\/types\/page"}],"author":[{"embeddable":true,"href":"https:\/\/www.akademosprzedszkole.pl\/przedszkole\/wp-json\/wp\/v2\/users\/1"}],"replies":[{"embeddable":true,"href":"https:\/\/www.akademosprzedszkole.pl\/przedszkole\/wp-json\/wp\/v2\/comments?post=5"}],"version-history":[{"count":32,"href":"https:\/\/www.akademosprzedszkole.pl\/przedszkole\/wp-json\/wp\/v2\/pages\/5\/revisions"}],"predecessor-version":[{"id":2879,"href":"https:\/\/www.akademosprzedszkole.pl\/przedszkole\/wp-json\/wp\/v2\/pages\/5\/revisions\/2879"}],"wp:attachment":[{"href":"https:\/\/www.akademosprzedszkole.pl\/przedszkole\/wp-json\/wp\/v2\/media?parent=5"}],"curies":[{"name":"wp","href":"https:\/\/api.w.org\/{rel}","templated":true}]}}